{"id":55,"date":"2019-06-26T17:31:31","date_gmt":"2019-06-26T15:31:31","guid":{"rendered":"https:\/\/www.elgaucho.at\/wien\/?page_id=55"},"modified":"2022-10-27T14:39:40","modified_gmt":"2022-10-27T12:39:40","slug":"impressum","status":"publish","type":"page","link":"https:\/\/www.elgaucho.at\/muenchen\/impressum\/","title":{"rendered":"Impressum"},"content":{"rendered":"<div class=\"block-spacer bg-color-selection-black\" style=\"height: 100px;\">\n \n<\/div>\n\n<div data-aos=\"zoom-in\">\n<h2 style=\"text-align: left;\">Impressum<\/h2>\n<\/div>\n\n\n<p class=\"fontb\">El Gaucho M\u00fcnchen GmbH<\/p>\n\n\n\n<p>Frauenstrasse 7-9<br>80469 M\u00fcnchen<br>Tel.: 0049-89-24224104&nbsp;<br>E-Mail: steak@elgaucho-muenchen.de<br><br>Gesch\u00e4ftsf\u00fchrung:<br>Franz Grossauer<\/p>\n\n\n\n<p>USt.-ID-Nr. DE294909415<\/p>\n\n\n\n<p><em>el Gaucho\u00ae ist eine eingetragene Marke der Grossauer Holding GmbH. <\/em><\/p>\n\n\n<div class=\"block-spacer bg-color-selection-black\" style=\"height: 50px;\">\n \n<\/div>\n\n\n<p><strong>Konzept, Design, Umsetzung:<\/strong><br>infect a modern branding agency <br><a rel=\"noreferrer noopener\" aria-label=\"infect.at (\u00f6ffnet in neuem Tab)\" href=\"https:\/\/www.infect.at\/\" target=\"_blank\">infect.at<\/a><br><\/p>\n\n\n<div class=\"block-spacer bg-color-selection-black\" style=\"height: 50px;\">\n \n<\/div>","protected":false},"excerpt":{"rendered":"<p>El Gaucho M\u00fcnchen GmbH Frauenstrasse 7-980469 M\u00fcnchenTel.: 0049-89-24224104&nbsp;E-Mail: steak@elgaucho-muenchen.de Gesch\u00e4ftsf\u00fchrung:Franz Grossauer USt.-ID-Nr. DE294909415 el Gaucho\u00ae ist eine eingetragene Marke der Grossauer Holding GmbH. Konzept, Design, Umsetzung:infect a modern branding agency infect.at<\/p>\n","protected":false},"author":1,"featured_media":0,"parent":0,"menu_order":110,"comment_status":"closed","ping_status":"closed","template":"","meta":{"footnotes":""},"acf":[],"yoast_head":"<!-- This site is optimized with the Yoast SEO plugin v22.9 - https:\/\/yoast.com\/wordpress\/plugins\/seo\/ -->\n<title>Impressum - el Gaucho am Viktualienmarkt<\/title>\n<meta name=\"robots\" content=\"index, follow, max-snippet:-1, max-image-preview:large, max-video-preview:-1\" \/>\n<link rel=\"canonical\" href=\"https:\/\/www.elgaucho.at\/muenchen\/impressum\/\" \/>\n<meta property=\"og:locale\" content=\"de_DE\" \/>\n<meta property=\"og:type\" content=\"article\" \/>\n<meta property=\"og:title\" content=\"Impressum - el Gaucho am Viktualienmarkt\" \/>\n<meta property=\"og:description\" content=\"El Gaucho M\u00fcnchen GmbH Frauenstrasse 7-980469 M\u00fcnchenTel.: 0049-89-24224104&nbsp;E-Mail: steak@elgaucho-muenchen.de Gesch\u00e4ftsf\u00fchrung:Franz Grossauer USt.-ID-Nr. DE294909415 el Gaucho\u00ae ist eine eingetragene Marke der Grossauer Holding GmbH. Konzept, Design, Umsetzung:infect a modern branding agency infect.at\" \/>\n<meta property=\"og:url\" content=\"https:\/\/www.elgaucho.at\/muenchen\/impressum\/\" \/>\n<meta property=\"og:site_name\" content=\"el Gaucho am Viktualienmarkt\" \/>\n<meta property=\"article:modified_time\" content=\"2022-10-27T12:39:40+00:00\" \/>\n<meta name=\"twitter:card\" content=\"summary_large_image\" \/>\n<script type=\"application\/ld+json\" class=\"yoast-schema-graph\">{\"@context\":\"https:\/\/schema.org\",\"@graph\":[{\"@type\":\"WebPage\",\"@id\":\"https:\/\/www.elgaucho.at\/muenchen\/impressum\/\",\"url\":\"https:\/\/www.elgaucho.at\/muenchen\/impressum\/\",\"name\":\"Impressum - el Gaucho am Viktualienmarkt\",\"isPartOf\":{\"@id\":\"https:\/\/www.elgaucho.at\/muenchen\/#website\"},\"datePublished\":\"2019-06-26T15:31:31+00:00\",\"dateModified\":\"2022-10-27T12:39:40+00:00\",\"breadcrumb\":{\"@id\":\"https:\/\/www.elgaucho.at\/muenchen\/impressum\/#breadcrumb\"},\"inLanguage\":\"de\",\"potentialAction\":[{\"@type\":\"ReadAction\",\"target\":[\"https:\/\/www.elgaucho.at\/muenchen\/impressum\/\"]}]},{\"@type\":\"BreadcrumbList\",\"@id\":\"https:\/\/www.elgaucho.at\/muenchen\/impressum\/#breadcrumb\",\"itemListElement\":[{\"@type\":\"ListItem\",\"position\":1,\"name\":\"Startseite\",\"item\":\"https:\/\/www.elgaucho.at\/muenchen\/\"},{\"@type\":\"ListItem\",\"position\":2,\"name\":\"Impressum\"}]},{\"@type\":\"WebSite\",\"@id\":\"https:\/\/www.elgaucho.at\/muenchen\/#website\",\"url\":\"https:\/\/www.elgaucho.at\/muenchen\/\",\"name\":\"el Gaucho am Viktualienmarkt\",\"description\":\"\",\"potentialAction\":[{\"@type\":\"SearchAction\",\"target\":{\"@type\":\"EntryPoint\",\"urlTemplate\":\"https:\/\/www.elgaucho.at\/muenchen\/?s={search_term_string}\"},\"query-input\":\"required name=search_term_string\"}],\"inLanguage\":\"de\"}]}<\/script>\n<!-- \/ Yoast SEO plugin. -->","yoast_head_json":{"title":"Impressum - el Gaucho am Viktualienmarkt","robots":{"index":"index","follow":"follow","max-snippet":"max-snippet:-1","max-image-preview":"max-image-preview:large","max-video-preview":"max-video-preview:-1"},"canonical":"https:\/\/www.elgaucho.at\/muenchen\/impressum\/","og_locale":"de_DE","og_type":"article","og_title":"Impressum - el Gaucho am Viktualienmarkt","og_description":"El Gaucho M\u00fcnchen GmbH Frauenstrasse 7-980469 M\u00fcnchenTel.: 0049-89-24224104&nbsp;E-Mail: steak@elgaucho-muenchen.de Gesch\u00e4ftsf\u00fchrung:Franz Grossauer USt.-ID-Nr. DE294909415 el Gaucho\u00ae ist eine eingetragene Marke der Grossauer Holding GmbH. Konzept, Design, Umsetzung:infect a modern branding agency infect.at","og_url":"https:\/\/www.elgaucho.at\/muenchen\/impressum\/","og_site_name":"el Gaucho am Viktualienmarkt","article_modified_time":"2022-10-27T12:39:40+00:00","twitter_card":"summary_large_image","schema":{"@context":"https:\/\/schema.org","@graph":[{"@type":"WebPage","@id":"https:\/\/www.elgaucho.at\/muenchen\/impressum\/","url":"https:\/\/www.elgaucho.at\/muenchen\/impressum\/","name":"Impressum - el Gaucho am Viktualienmarkt","isPartOf":{"@id":"https:\/\/www.elgaucho.at\/muenchen\/#website"},"datePublished":"2019-06-26T15:31:31+00:00","dateModified":"2022-10-27T12:39:40+00:00","breadcrumb":{"@id":"https:\/\/www.elgaucho.at\/muenchen\/impressum\/#breadcrumb"},"inLanguage":"de","potentialAction":[{"@type":"ReadAction","target":["https:\/\/www.elgaucho.at\/muenchen\/impressum\/"]}]},{"@type":"BreadcrumbList","@id":"https:\/\/www.elgaucho.at\/muenchen\/impressum\/#breadcrumb","itemListElement":[{"@type":"ListItem","position":1,"name":"Startseite","item":"https:\/\/www.elgaucho.at\/muenchen\/"},{"@type":"ListItem","position":2,"name":"Impressum"}]},{"@type":"WebSite","@id":"https:\/\/www.elgaucho.at\/muenchen\/#website","url":"https:\/\/www.elgaucho.at\/muenchen\/","name":"el Gaucho am Viktualienmarkt","description":"","potentialAction":[{"@type":"SearchAction","target":{"@type":"EntryPoint","urlTemplate":"https:\/\/www.elgaucho.at\/muenchen\/?s={search_term_string}"},"query-input":"required name=search_term_string"}],"inLanguage":"de"}]}},"_links":{"self":[{"href":"https:\/\/www.elgaucho.at\/muenchen\/wp-json\/wp\/v2\/pages\/55"}],"collection":[{"href":"https:\/\/www.elgaucho.at\/muenchen\/wp-json\/wp\/v2\/pages"}],"about":[{"href":"https:\/\/www.elgaucho.at\/muenchen\/wp-json\/wp\/v2\/types\/page"}],"author":[{"embeddable":true,"href":"https:\/\/www.elgaucho.at\/muenchen\/wp-json\/wp\/v2\/users\/1"}],"replies":[{"embeddable":true,"href":"https:\/\/www.elgaucho.at\/muenchen\/wp-json\/wp\/v2\/comments?post=55"}],"version-history":[{"count":18,"href":"https:\/\/www.elgaucho.at\/muenchen\/wp-json\/wp\/v2\/pages\/55\/revisions"}],"predecessor-version":[{"id":1695,"href":"https:\/\/www.elgaucho.at\/muenchen\/wp-json\/wp\/v2\/pages\/55\/revisions\/1695"}],"wp:attachment":[{"href":"https:\/\/www.elgaucho.at\/muenchen\/wp-json\/wp\/v2\/media?parent=55"}],"curies":[{"name":"wp","href":"https:\/\/api.w.org\/{rel}","templated":true}]}}